{"id":188,"date":"2016-05-11T09:04:08","date_gmt":"2016-05-11T07:04:08","guid":{"rendered":"http:\/\/test.hrusice-fotbal.cz\/?page_id=188"},"modified":"2020-07-13T16:18:38","modified_gmt":"2020-07-13T14:18:38","slug":"rozlosovani-souteze","status":"publish","type":"page","link":"https:\/\/hrusice-fotbal.cz\/?page_id=188","title":{"rendered":"Realiza\u010dn\u00ed t\u00fdm"},"content":{"rendered":"\n<figure class=\"wp-block-table is-style-stripes\"><table><tbody><tr><td><strong>Star\u0161\u00ed \u017e\u00e1ci<\/strong><\/td><td><\/td><td><\/td><td><\/td><\/tr><tr><td>Tren\u00e9r<\/td><td>Filip Blecha<\/td><td>728852145<\/td><td>Filousblecha@gmail.com&nbsp;<\/td><\/tr><tr><td>As. tren\u00e9ra<\/td><td>Matou\u0161 Stan\u011bk<\/td><td>728852145<\/td><td><a href=\"mailto:sokolhrusice@gmail.com\">sokolhrusice@gmail.com&nbsp;<\/a><\/td><\/tr><tr><td><\/td><td><\/td><td><\/td><td><\/td><td><\/td><\/tr><tr><td><strong>Mlad\u0161\u00ed \u017e\u00e1ci<\/strong><\/td><td><\/td><td><\/td><td><\/td><\/tr><tr><td>Tren\u00e9r<\/td><td>Matou\u0161 Stan\u011bk<\/td><td>728852145<\/td><td><a href=\"mailto:sokolhrusice@gmail.com\">sokolhrusice@gmail.com&nbsp;<\/a><\/td><\/tr><tr><td>As. tren\u00e9ra<\/td><td>Bed\u0159ich Wiesner<\/td><td>&nbsp;<\/td><td>&nbsp;<\/td><\/tr><tr><td>As. tren\u00e9ra<\/td><td>Karel \u0158epka<\/td><td>&nbsp;<\/td><td>&nbsp;<\/td><\/tr><tr><td><\/td><td><\/td><td><\/td><td><\/td><td><\/td><\/tr><tr><td><strong>Star\u0161\u00ed p\u0159\u00edpravka<\/strong><\/td><td><\/td><td><\/td><td><\/td><\/tr><tr><td>Tren\u00e9r<\/td><td>Ji\u0159\u00ed Proch\u00e1zka<\/td><td>739932609<\/td><td><a href=\"mailto:jir.prochazka@centrum.cz\">jir.prochazka@centrum.cz<\/a><\/td><\/tr><tr><td>As. tren\u00e9ra<\/td><td>Vil\u00e9m Kopeck\u00fd<\/td><td>&nbsp;<\/td><td><a href=\"mailto:sokolhrusice@gmail.com\">sokolhrusice@gmail.com&nbsp;<\/a><\/td><\/tr><tr><td><\/td><td><\/td><td><\/td><td><\/td><td><\/td><\/tr><tr><td><strong>\u0160koli\u010dka<\/strong><\/td><td><\/td><td><\/td><td><\/td><\/tr><tr><td>Tren\u00e9r<\/td><td>Franti\u0161ek Strnad<\/td><td>773131911<\/td><td><a href=\"mailto:sokolhrusice@gmail.com\">sokolhrusice@gmail.com&nbsp;<\/a><\/td><\/tr><tr><td>As. tren\u00e9ra<\/td><td>Vojt\u011bch Pazdera<\/td><td>&nbsp;<\/td><td>&nbsp;<\/td><\/tr><tr><td>Vedouc\u00ed<\/td><td>Miroslav Strnad<\/td><td>&nbsp;<\/td><td><a href=\"mailto:ferda206@seznam.cz\">ferda206@seznam.cz<\/a><\/td><\/tr><\/tbody><\/table><\/figure>\n\n\n","protected":false},"excerpt":{"rendered":"<p>Star\u0161\u00ed \u017e\u00e1ci Tren\u00e9r Filip Blecha 728852145 Filousblecha@gmail.com&nbsp; As. tren\u00e9ra Matou\u0161 Stan\u011bk 728852145 sokolhrusice@gmail.com&nbsp; Mlad\u0161\u00ed \u017e\u00e1ci Tren\u00e9r Matou\u0161 Stan\u011bk 728852145 sokolhrusice@gmail.com&nbsp; As. tren\u00e9ra Bed\u0159ich Wiesner &nbsp; &nbsp; As. tren\u00e9ra Karel \u0158epka &nbsp; &nbsp; Star\u0161\u00ed p\u0159\u00edpravka Tren\u00e9r Ji\u0159\u00ed Proch\u00e1zka 739932609 &hellip; <\/p>\n<div class=\"more-link-wrapper\"><a href=\"https:\/\/hrusice-fotbal.cz\/?page_id=188\" class=\"more-link\">Continue reading<span class=\"screen-reader-text\"> &#8222;Realiza\u010dn\u00ed t\u00fdm&#8220;<\/span><\/a><\/div>\n","protected":false},"author":1,"featured_media":0,"parent":180,"menu_order":2,"comment_status":"closed","ping_status":"closed","template":"","meta":[],"_links":{"self":[{"href":"https:\/\/hrusice-fotbal.cz\/index.php?rest_route=\/wp\/v2\/pages\/188"}],"collection":[{"href":"https:\/\/hrusice-fotbal.cz\/index.php?rest_route=\/wp\/v2\/pages"}],"about":[{"href":"https:\/\/hrusice-fotbal.cz\/index.php?rest_route=\/wp\/v2\/types\/page"}],"author":[{"embeddable":true,"href":"https:\/\/hrusice-fotbal.cz\/index.php?rest_route=\/wp\/v2\/users\/1"}],"replies":[{"embeddable":true,"href":"https:\/\/hrusice-fotbal.cz\/index.php?rest_route=%2Fwp%2Fv2%2Fcomments&post=188"}],"version-history":[{"count":5,"href":"https:\/\/hrusice-fotbal.cz\/index.php?rest_route=\/wp\/v2\/pages\/188\/revisions"}],"predecessor-version":[{"id":407,"href":"https:\/\/hrusice-fotbal.cz\/index.php?rest_route=\/wp\/v2\/pages\/188\/revisions\/407"}],"up":[{"embeddable":true,"href":"https:\/\/hrusice-fotbal.cz\/index.php?rest_route=\/wp\/v2\/pages\/180"}],"wp:attachment":[{"href":"https:\/\/hrusice-fotbal.cz\/index.php?rest_route=%2Fwp%2Fv2%2Fmedia&parent=188"}],"curies":[{"name":"wp","href":"https:\/\/api.w.org\/{rel}","templated":true}]}}