{"id":30,"date":"2016-05-09T15:31:13","date_gmt":"2016-05-09T13:31:13","guid":{"rendered":"http:\/\/test.hrusice-fotbal.cz\/?page_id=30"},"modified":"2020-07-29T10:30:02","modified_gmt":"2020-07-29T08:30:02","slug":"rozlosovani-souteze","status":"publish","type":"page","link":"https:\/\/hrusice-fotbal.cz\/?page_id=30","title":{"rendered":"Rozlosov\u00e1n\u00ed sout\u011b\u017ee"},"content":{"rendered":"<table width=\"494\">\n<tbody>\n<tr>\n<td width=\"110\">5.9.<\/td>\n<td width=\"64\">SO<\/td>\n<td width=\"256\">Hrusice &#8211; Kamenice<\/td>\n<td width=\"64\">16:30<\/td>\n<\/tr>\n<tr>\n<td><\/td>\n<td><\/td>\n<td><\/td>\n<td><\/td>\n<\/tr>\n<tr>\n<td>12.9.<\/td>\n<td>SO<\/td>\n<td>Kunice &#8211; Hrusice<\/td>\n<td>16:30<\/td>\n<\/tr>\n<tr>\n<td><\/td>\n<td><\/td>\n<td><\/td>\n<td><\/td>\n<\/tr>\n<tr>\n<td>19.9.<\/td>\n<td>SO<\/td>\n<td>Hrusice &#8211; L\u00edbeznice<\/td>\n<td>16:00<\/td>\n<\/tr>\n<tr>\n<td><\/td>\n<td><\/td>\n<td><\/td>\n<td><\/td>\n<\/tr>\n<tr>\n<td>27.9.<\/td>\n<td>NE<\/td>\n<td>Sib\u0159ina &#8211; Hrusice<\/td>\n<td>16:00<\/td>\n<\/tr>\n<tr>\n<td><\/td>\n<td><\/td>\n<td><\/td>\n<td><\/td>\n<\/tr>\n<tr>\n<td>3.10.<\/td>\n<td>SO<\/td>\n<td>Hrusice &#8211; Miro\u0161ovice<\/td>\n<td>15:30<\/td>\n<\/tr>\n<tr>\n<td><\/td>\n<td><\/td>\n<td><\/td>\n<td><\/td>\n<\/tr>\n<tr>\n<td>9.10.<\/td>\n<td>P\u00c1<\/td>\n<td>V. Popovice &#8211; Hrusice<\/td>\n<td>19:00<\/td>\n<\/tr>\n<tr>\n<td><\/td>\n<td><\/td>\n<td><\/td>\n<td><\/td>\n<\/tr>\n<tr>\n<td>17.10.<\/td>\n<td>SO<\/td>\n<td>Hrusice &#8211; Zelene\u010d<\/td>\n<td>15:00<\/td>\n<\/tr>\n<tr>\n<td><\/td>\n<td><\/td>\n<td><\/td>\n<td><\/td>\n<\/tr>\n<tr>\n<td>24.10.<\/td>\n<td>SO<\/td>\n<td>Hrusice &#8211; Nehvizdy<\/td>\n<td>14:00<\/td>\n<\/tr>\n<tr>\n<td><\/td>\n<td><\/td>\n<td><\/td>\n<td><\/td>\n<\/tr>\n<tr>\n<td>1.11.<\/td>\n<td>NE<\/td>\n<td>Dob\u0159ejovice &#8211; Hrusice<\/td>\n<td>14:00<\/td>\n<\/tr>\n<tr>\n<td><\/td>\n<td><\/td>\n<td><\/td>\n<td><\/td>\n<\/tr>\n<tr>\n<td>7.11.<\/td>\n<td>SO<\/td>\n<td>Hrusice &#8211; Kostelec u K\u0159.<\/td>\n<td>14:00<\/td>\n<\/tr>\n<tr>\n<td><\/td>\n<td><\/td>\n<td><\/td>\n<td><\/td>\n<\/tr>\n<tr>\n<td>15.11.<\/td>\n<td>NE<\/td>\n<td>B\u00e1\u0161\u0165 &#8211; Hrusice<\/td>\n<td>13:30<\/td>\n<\/tr>\n<\/tbody>\n<\/table>\n","protected":false},"excerpt":{"rendered":"<p>5.9. SO Hrusice &#8211; Kamenice 16:30 12.9. SO Kunice &#8211; Hrusice 16:30 19.9. SO Hrusice &#8211; L\u00edbeznice 16:00 27.9. NE Sib\u0159ina &#8211; Hrusice 16:00 3.10. SO Hrusice &#8211; Miro\u0161ovice 15:30 9.10. P\u00c1 V. Popovice &#8211; Hrusice 19:00 17.10. &hellip; <\/p>\n<div class=\"more-link-wrapper\"><a href=\"https:\/\/hrusice-fotbal.cz\/?page_id=30\" class=\"more-link\">Continue reading<span class=\"screen-reader-text\"> &#8222;Rozlosov\u00e1n\u00ed sout\u011b\u017ee&#8220;<\/span><\/a><\/div>\n","protected":false},"author":1,"featured_media":0,"parent":13,"menu_order":1,"comment_status":"closed","ping_status":"closed","template":"","meta":[],"_links":{"self":[{"href":"https:\/\/hrusice-fotbal.cz\/index.php?rest_route=\/wp\/v2\/pages\/30"}],"collection":[{"href":"https:\/\/hrusice-fotbal.cz\/index.php?rest_route=\/wp\/v2\/pages"}],"about":[{"href":"https:\/\/hrusice-fotbal.cz\/index.php?rest_route=\/wp\/v2\/types\/page"}],"author":[{"embeddable":true,"href":"https:\/\/hrusice-fotbal.cz\/index.php?rest_route=\/wp\/v2\/users\/1"}],"replies":[{"embeddable":true,"href":"https:\/\/hrusice-fotbal.cz\/index.php?rest_route=%2Fwp%2Fv2%2Fcomments&post=30"}],"version-history":[{"count":12,"href":"https:\/\/hrusice-fotbal.cz\/index.php?rest_route=\/wp\/v2\/pages\/30\/revisions"}],"predecessor-version":[{"id":413,"href":"https:\/\/hrusice-fotbal.cz\/index.php?rest_route=\/wp\/v2\/pages\/30\/revisions\/413"}],"up":[{"embeddable":true,"href":"https:\/\/hrusice-fotbal.cz\/index.php?rest_route=\/wp\/v2\/pages\/13"}],"wp:attachment":[{"href":"https:\/\/hrusice-fotbal.cz\/index.php?rest_route=%2Fwp%2Fv2%2Fmedia&parent=30"}],"curies":[{"name":"wp","href":"https:\/\/api.w.org\/{rel}","templated":true}]}}